?
-37
Let i(u) = -10*u + 4054. What is i(111)?
2944
Let o(p) = p**2 + 204*p - 30423. Calculate o(100).
-23
Let f(b) = 7576*b + 174249. What is f(-23)?
1
Let o(m) = -96*m - 1276. Calculate o(0).
-1276
Let b(s) = 2*s**3 - 114*s**2 - 34553*s - 387. Determine b(163).
102
Let s(c) = -c**3 - 32*c**2 + 1355*c - 246. What is s(24)?
18
Let h(m) = 1921660*m + 3. What is h(0)?
3
Let s(g) = 384*g**2 + 631*g + 1918. Calculate s(-3).
3481
Let n(d) = 15*d**2 - 4396*d + 313. Determine n(293).
20
Let c(h) = -2495*h - 900828. Calculate c(-361).
-133
Let k(v) = 14252*v + 57004. Give k(-4).
-4
Let y(q) = -q**2 + 1092*q + 26828. What is y(-24)?
44
Let c(u) = -2*u**3 - 165*u**2 - 31*u + 4144. Calculate c(-82).
-38
Let j(y) = 1712*y + 41095. Calculate j(-24).
7
Let n(j) = -3620*j + 1267005. What is n(350)?
5
Let k(t) = -96707*t - 1257194. Determine k(-13).
-3
Let o(u) = 9*u**2 - 356*u + 1010. Give o(37).
159
Let i(t) = 5*t**3 + 2999*t**2 + 2267*t - 77265. Calculate i(-599).
6
Let r(q) = -5*q**2 + 2085*q - 2082. What is r(1)?
-2
Let x(v) = 307*v - 22792. What is x(76)?
540
Let c(s) = s**3 + 112*s**2 + 389*s + 169. Determine c(-3).
-17
Let x(g) = -124*g - 995. Calculate x(-2).
-747
Let w(r) = 665*r - 5867. What is w(10)?
783
Let q(v) = -19173*v + 1342116. Give q(70).
6
Let u(j) = 9*j**3 - 20*j**2 + 668*j - 2075. Give u(3).
-8
Let x(z) = 370*z + 29228. Give x(-79).
-2
Let k(d) = -1954*d**2 + 31265*d + 54. Give k(16).
70
Let u(r) = -3360*r - 54051. Give u(-16).
-291
Let f(v) = 248*v + 15822. What is f(-65)?
-298
Let b(p) = -4*p**2 + 915*p + 8834. Calculate b(238).
28
Let b(z) = z**2 + 43*z - 229. Give b(6).
65
Let l(r) = -1148*r + 2348. Give l(2).
52
Let a(l) = 2*l**3 - 1033*l**2 - 5*l + 9. Give a(0).
9
Let v(u) = 97857*u - 1272188. Give v(13).
-47
Let p(i) = i**3 - 60*i**2 - 83*i + 1003. What is p(61)?
-339
Let z(h) = 13*h**3 - 2*h**2 - 8*h + 21. Give z(0).
21
Let r(i) = 1699*i + 25479. Determine r(-15).
-6
Let j(w) = w**2 - 93*w - 1749. Determine j(-19).
379
Let z(q) = -q**3 - 93*q**2 - 28*q - 2594. What is z(-93)?
10
Let c(f) = 102*f**2 + 2136*f + 8549. Calculate c(-4).
1637
Let v(h) = -h**3 + 31*h**2 + 64*h + 1170. Give v(34).
-122
Let t(l) = -24373*l - 828687. Give t(-34).
-5
Let v(a) = 3*a**2 - 1809*a - 14545. Determine v(-8).
119
Let w(f) = -12286*f - 123101. What is w(-10)?
-241
Let k(p) = -97*p + 9501. What is k(88)?
965
Let u(t) = -t**3 + 36*t**2 + 64*t - 2302. Determine u(36).
2
Let d(j) = 5*j**2 + 2039*j + 40615. What is d(-21)?
1
Let k(a) = -a**2 - 664*a - 92778. Determine k(-200).
22
Let h(v) = -2*v**3 + 256*v**2 - 1458*v + 57789. Give h(124).
5
Let k(j) = -2*j**2 + 3378*j - 63462. Calculate k(19).
-2
Let h(u) = -10*u**2 - 5031*u + 9552. Calculate h(-505).
-43
Let a(l) = 81336*l - 23. Determine a(0).
-23
Let v(c) = 4*c**2 + 99*c - 225. Calculate v(-20).
-605
Let j(p) = -18*p + 3451. Determine j(-10).
3631
Let x(w) = w**3 - 24*w**2 - 181544*w + 4357047. Give x(24).
-9
Let t(o) = -2203*o - 156409. What is t(-71)?
4
Let l(z) = -z**3 - 36*z**2 - 311*z + 381. Determine l(-13).
537
Let d(y) = -5*y**2 - 477*y - 6972. Determine d(-18).
-6
Let w(h) = h**3 + 16*h**2 + 115*h - 541. Calculate w(-9).
-1009
Let o(x) = 2638*x - 189930. Give o(72).
6
Let l(v) = -v**2 - 245*v + 8861. Give l(32).
-3
Let z(u) = 15*u**2 + 3579*u + 70288. Determine z(-217).
-20
Let j(r) = 9*r**2 - 303*r - 87. Calculate j(34).
15
Let w(b) = 119*b + 26895. Determine w(-226).
1
Let v(b) = -1698*b + 22071. What is v(13)?
-3
Let o(x) = -40*x + 685. What is o(-25)?
1685
Let x(d) = -d**3 - 10*d**2 + 328*d + 113. What is x(14)?
1
Let j(d) = 5*d**2 - 234*d + 238. What is j(36)?
-1706
Let c(o) = -144956*o + 2319280. Calculate c(16).
-16
Let c(f) = f**3 - 194*f**2 - 5*f - 699. What is c(194)?
-1669
Let b(s) = -2891*s - 23122. What is b(-8)?
6
Let v(n) = n**2 - 1039322*n - 5196638. What is v(-5)?
-3
Let w(m) = m**3 + 20*m**2 + 153*m + 2583. What is w(-19)?
37
Let o(f) = 69*f - 11510. Calculate o(171).
289
Let y(h) = h**2 - 5*h + 4. Calculate y(6).
10
Let f(n) = -n**3 - 115*n**2 - 3809*n - 29792. Give f(-59).
3
Let l(b) = -198*b - 5650. Give l(-28).
-106
Let r(m) = -898*m - 179608. Calculate r(-200).
-8
Let s(y) = -1514*y + 2570. Determine s(3).
-1972
Let a(c) = 32*c**3 - 7*c**2 - 12*c + 73. Calculate a(3).
838
Let p(z) = -66*z + 3214. Calculate p(46).
178
Let h(f) = -62*f**2 + 651*f - 293. Give h(10).
17
Let b(h) = 267508*h + 5350144. Calculate b(-20).
-16
Let v(d) = d**2 + 5245*d - 26220. Determine v(5).
30
Let u(m) = m**3 + 12*m**2 - 875*m - 12952. Give u(-16).
24
Let p(t) = 3417*t - 11. Give p(0).
-11
Let t(p) = 5*p**2 - 54*p - 284. Calculate t(15).
31
Let l(s) = 8*s**2 + 8*s - 50. Calculate l(-13).
1198
Let g(q) = -26*q**2 - 8324*q + 32397. Give g(-324).
-3
Let z(p) = 2184*p + 104922. What is z(-48)?
90
Let c(o) = o**3 + 173*o**2 + 3855*o - 5742. What is c(-28)?
-2
Let j(w) = w**2 + 193*w + 6013. Give j(-39).
7
Let z(c) = -2*c**2 + 26*c + 13711. Give z(90).
-149
Let l(a) = 1979*a - 47425. Calculate l(24).
71
Let f(t) = -t**3 - 168*t**2 - 309*t - 67. Calculate f(-166).
-3885
Let s(k) = -556*k - 28399. Calculate s(-51).
-43
Let g(y) = -51*y**2 - 145*y - 289. Give g(-2).
-203
Let t(z) = -21054*z + 21029. Determine t(1).
-25
Let x(n) = 8095*n + 57390. What is x(-7)?
725
Let x(d) = d**3 + 321*d**2 + 7085*d - 12787. Calculate x(-297).
-16
Let k(v) = -2*v**3 - 12*v**2 - 108*v - 116. Calculate k(-6).
532
Let b(w) = 13189*w - 39549. What is b(3)?
18
Let j(r) = -742*r + 156429. What is j(211)?
-133
Let x(a) = 122*a + 1392. Give x(-12).
-72
Let v(g) = -1013*g - 1793. Give v(-2).
233
Let r(a) = 24383*a + 148523. Give r(-6).
2225
Let f(h) = -2512*h + 15182. Determine f(6).
110
Let x(s) = -s**3 + 4*s**2 + 88*s + 512. Determine x(-5).
297
Let j(o) = -o**2 + 6342*o + 38049. Give j(-6).
-39
Let v(o) = -o**3 + 435*o**2 - 8317*o + 7092. What is v(415)?
37
Let j(n) = -n**2 + 86*n + 1382. Give j(92).
830
Let d(w) = 1026*w - 6274. Determine d(6).
-118
Let x(q) = -5578*q + 1801664. Give x(323).
-30
Let q(y) = -2457*y + 162156. Give q(66).
-6
Let l(m) = -2588*m + 106102. Calculate l(41).
-6
Let g(v) = 3*v**3 - 292*v**2 + 1490*v - 26155. Determine g(93).
-22
Let z(o) = -72879*o - 364386. Give z(-5).
9
Let w(o) = 3*o**3 + 572*o**2 + 361*o - 3604. Calculate w(-190).
6
Let w(b) = -2*b**3 - 6*b**2 - 488*b - 3139. Determine w(-6).
5
Let f(x) = -x**2 + 79*x + 6948. Calculate f(-52).
136
Let q(r) = -241*r**2 - 1381*r + 283. Calculate q(-6).
-107
Let v(k) = -9*k**3 - 2*k**2 - 10*k + 67. What is v(4)?
-581
Let s(i) = -61*i**2 - 1702*i + 5146. Calculate s(3).
-509
Let y(h) = h**2 + 1081*h - 9715. Determine y(9).
95
Let i(z) = -231469*z - 2777627. Calculate i(-12).
1
Let x(a) = 698*a**3 - 4186*a**2 - 11*a - 3. Give x(6).
3
Let r(d) = 3*d**3 + 106*d**2 - 12*d - 1630. Determine r(-35).
15
Let k(o) = 20*o**2 - 1374*o - 16480. Calculate k(-12).
2888
Let u(j) = 5480*j - 43798. Give u(8).
42
Let o(k) = -17*k**3 + 17*k**2 + 173*k + 333. Give o(-3).
426
Let o(l) = l**2 - 1631*l + 108842. Give o(70).
-428
Let h(b) = -b**3 + 109*b**2 + 980*b - 5147. Determine h(117).
1
Let l(f) = 131*f - 9366. What is l(78)?
852
Let k(c) = 2*c**2 + 1260*c + 19672. Calculate k(-16).
24
Let m(p) = 4*p**3 + 253*p**2 - 187*p + 306. What is m(-64)?
-14
Let x(q) = 103*q - 3928. Give x(38).
-14
Let l(v) = -19*v**2 + 1427*v - 1490. What is l(74)?
64
Let n(b) = -109*b**2 - 428*b - 14. Determine n(-5).
-599
Let g(j) = 4*j**3 - 38*j**2 + 218*j + 48. Determine g(9).
1848
Let m(x) = x**2 - 2126*x - 3892100. Calculate m(-1178).
12
Let n(k) = -k**3 - 1020*k**2 - 3083*k - 32540. What is n(-1017)?
4
Let q(h) = 8650*h + 181641. Give q(-21).
-9
Let t(s) = s**3 + 69*s**2 - 138*s - 236. Give t(-71).
-520
Let n(k) = -19*k**3 + 148*k**2 - 94*k + 588. Determine n(7).
665
Let g(p) = -20*p**2 - 356*p - 1473. Give g(-13).
-225
Let v(k) = 8*k**2 - 429*k + 5752. What is v(13)?
1527
Let m(w) = w**3 + 296*w**2 - 13030*w - 236087. Calculate m(-333).
10
Let b(v) = 272*v - 69692. What is b(259)?
756
Let a(n) = 305*n - 16141. Calculate a(54).
329
Let u(w) = -5382*w + 17984. Calculate u(3).
1838
Let b(g) = 4*g**3 + 34*g**2 - 71*g - 719. Calculate b(-12).
-1883
Let c(b) = -7719*b - 208425. Calculate c(-27).
-12
Let s(d) = d**3 + 162*d**2 - 2847*d + 421. Determine s(-178).
243
Let t(b) = 5944*b 